What is the remainder when 3211 is divided by 269?
252
What is the remainder when 1702312 is divided by 113487?
7
Calculate the remainder when 2247 is divided by 2194.
53
What is the remainder when 1990 is divided by 975?
40
Calculate the remainder when 250558 is divided by 125247.
64
Calculate the remainder when 15585 is divided by 170.
115
What is the remainder when 24447 is divided by 272?
239
What is the remainder when 9591 is divided by 218?
217
Calculate the remainder when 208764 is divided by 52188.
12
Calculate the remainder when 2446 is divided by 604.
30
Calculate the remainder when 16464 is divided by 1779.
453
Calculate the remainder when 74212 is divided by 651.
649
Calculate the remainder when 5448 is divided by 2118.
1212
Calculate the remainder when 14867 is divided by 22.
17
What is the remainder when 2709 is divided by 2484?
225
What is the remainder when 73571 is divided by 12?
11
What is the remainder when 103759 is divided by 8646?
7
What is the remainder when 18006 is divided by 231?
219
What is the remainder when 1421 is divided by 31?
26
Calculate the remainder when 7125 is divided by 1094.
561
What is the remainder when 13811 is divided by 864?
851
What is the remainder when 42394 is divided by 985?
39
What is the remainder when 6708 is divided by 278?
36
Calculate the remainder when 257635 is divided by 4861.
2
What is the remainder when 756 is divided by 68?
8
Calculate the remainder when 1066255 is divided by 1066254.
1
Calculate the remainder when 287 is divided by 51.
32
Calculate the remainder when 429683 is divided by 97.
70
What is the remainder when 14830 is divided by 371?
361
Calculate the remainder when 61760 is divided by 15431.
36
What is the remainder when 53920 is divided by 149?
131
Calculate the remainder when 392241 is divided by 56033.
10
What is the remainder when 10554 is divided by 5240?
74
What is the remainder when 95366 is divided by 48?
38
What is the remainder when 338 is divided by 163?
12
What is the remainder when 836104 is divided by 36352?
8
What is the remainder when 1108 is divided by 274?
12
Calculate the remainder when 8415 is divided by 78.
69
What is the remainder when 2846627 is divided by 530?
527
What is the remainder when 18640 is divided by 688?
64
Calculate the remainder when 750313 is divided by 34105.
3
What is the remainder when 2313 is divided by 1125?
63
Calculate the remainder when 975463 is divided by 43.
8
What is the remainder when 300587 is divided by 55?
12
Calculate the remainder when 37054 is divided by 78.
4
What is the remainder when 7913 is divided by 1582?
3
What is the remainder when 31782 is divided by 7942?
14
Calculate the remainder when 2152 is divided by 536.
8
What is the remainder when 43793 is divided by 48?
17
What is the remainder when 167408 is divided by 18599?
17
What is the remainder when 403377 is divided by 81?
78
Calculate the remainder when 5188 is divided by 141.
112
Calculate the remainder when 26042 is divided by 8587.
281
What is the remainder when 487907 is divided by 702?
17
What is the remainder when 197455 is divided by 45?
40
Calculate the remainder when 785 is divided by 315.
155
Calculate the remainder when 15632 is divided by 8.
0
What is the remainder when 1940 is divided by 820?
300
What is the remainder when 6983 is divided by 72?
71
Calculate the remainder when 17430 is divided by 17406.
24
Calculate the remainder when 56595 is divided by 566.
561
Calculate the remainder when 1043 is divided by 12.
11
What is the remainder when 212010 is divided by 59?
23
What is the remainder when 346 is divided by 146?
54
What is the remainder when 43266 is divided by 14412?
30
What is the remainder when 4570 is divided by 763?
755
Calculate the remainder when 27597 is divided by 9145.
162
Calculate the remainder when 117021 is divided by 53.
50
What is the remainder when 13370 is divided by 2665?
45
What is the remainder when 15819 is divided by 1042?
189
What is the remainder when 2524 is divided by 102?
76
Calculate the remainder when 10579 is divided by 312.
283
What is the remainder when 53058 is divided by 473?
82
Calculate the remainder when 366 is divided by 47.
37
What is the remainder when 1371 is divided by 448?
27
Calculate the remainder when 2039842 is divided by 6.
4
Calculate the remainder when 30184 is divided by 581.
553
What is the remainder when 390517 is divided by 26?
23
What is the remainder when 2651 is divided by 2106?
545
What is the remainder when 264823 is divided by 116?
111
What is the remainder when 24392 is divided by 114?
110
Calculate the remainder when 171210 is divided by 547.
546
Calculate the remainder when 575159 is divided by 2238.
2231
What is the remainder when 18919 is divided by 51?
49
Calculate the remainder when 44519 is divided by 781.
2
Calculate the remainder when 9348 is divided by 31.
17
What is the remainder when 13499 is divided by 6697?
105
What is the remainder when 3025 is divided by 9?
1
Calculate the remainder when 1809 is divided by 678.
453
Calculate the remainder when 2617 is divided by 9.
7
Calculate the remainder when 497062 is divided by 71.
62
Calculate the remainder when 148188 is divided by 44.
40
What is the remainder when 3219 is divided by 424?
251
Calculate the remainder when 1039 is divided by 908.
131
Calculate the remainder when 1882 is divided by 890.
102
Calculate the remainder when 8690 is divided by 503.
139
Calculate the remainder when 290916 is divided by 72727.
8
Calculate the remainder when 2082 is divided by 7.
3
Calculate the remainder when 60314 is divided by 8612.
30
What is the remainder when 17744 is divided by 506?
34
Calculate the remainder when 95448 is divided by 115.
113
Calculate the remainder when 460426 is divided by 51.
49
Calculate the remainder when 6874 is divided by 208.
10
Calculate the remainder when 141278 is divided by 94.
90
What is the remainder when 97738 is divided by 188?
166
What is the remainder when 12816 is divided by 441?
27
Calculate the remainder when 221641 is divided by 419.
409
Calculate the remainder when 2403 is divided by 55.
38
Calculate the remainder when 933 is divided by 33.
9
Calculate the remainder when 269322 is divided by 7.
4
What is the remainder when 4455 is divided by 739?
21
What is the remainder when 5380 is divided by 5370?
10
What is the remainder when 3334231 is divided by 537?
535
Calculate the remainder when 2854 is divided by 1979.
875
Calculate the remainder when 619 is divided by 168.
115
Calculate the remainder when 10957 is divided by 313.
2
What is the remainder when 20367 is divided by 637?
620
Calculate the remainder when 3330 is divided by 137.
42
Calculate the remainder when 3264 is divided by 121.
118
What is the remainder when 11164 is divided by 277?
84
What is the remainder when 9237 is divided by 2289?
81
Calculate the remainder when 51023 is divided by 185.
148
Calculate the remainder when 18135 is divided by 3017.
33
What is the remainder when 43232 is divided by 14389?
65
What is the remainder when 10422 is divided by 309?
225
What is the remainder when 5102 is divided by 19?
10
Calculate the remainder when 11624 is divided by 1236.
500
What is the remainder when 5190269 is divided by 86?
83
Calculate the remainder when 208176 is divided by 218.
204
What is the remainder when 37326 is divided by 37312?
14
What is the remainder when 58333 is divided by 257?
251
What is the remainder when 96286 is divided by 102?
100
What is the remainder when 62746 is divided by 166?
164
Calculate the remainder when 11733 is divided by 120.
93
What is the remainder when 510 is divided by 486?
24
Calculate the remainder when 1255420 is divided by 21.
19
What is the remainder when 1322368 is divided by 43?
32
What is the remainder when 3793028 is divided by 11?
8
What is the remainder when 514000 is divided by 177?
169
What is the remainder when 8900 is divided by 75?
50
Calculate the remainder when 80355 is divided by 804.
759
What is the remainder when 269106 is divided by 10?
6
What is the remainder when 756823 is divided by 378407?
9
What is the remainder when 9882 is divided by 97?
85
What is the remainder when 14513 is divided by 4697?
422
Calculate the remainder when 7727 is divided by 723.